 i**7/630 + i**6/360 - i**5/30 + i**4/4 + 57*i. Let f(c) be the third derivative of v(c). What is f(-3)?
-1
Let t be 9/(-8)*((-14)/(-3) - (-91 - -97)). Let a(k) be the first derivative of 6 + t*k**2 + 3*k. Determine a(-2).
-3
Let g(c) be the first derivative of 9*c**2 + 28*c + 3254. Determine g(-6).
-80
Let d = -41 + 41. Suppose 0 = -5*i - z - 2 + 17, d = 2*i + 3*z - 6. Let q(w) = -1 - i*w + w - 3. Give q(-6).
8
Let t(j) be the second derivative of 5*j**3/3 - 111*j**2/2 + 5003*j. What is t(10)?
-11
Suppose 2*n - 6*n + 40 = 0. Let y = 127 + -125. Let p(h) = -13 - 9*h**3 + 8*h**3 + 2*h + 30*h**2 - 20*h**y. What is p(n)?
7
Let k(s) = 4*s**2 - 8*s - 8. Let d(r) = 3*r**2 + 216*r - 2189. Let m be d(9). What is k(m)?
24
Let x(z) be the third derivative of z**6/120 - z**5/15 + z**4/12 - z**3/6 - z**2 + 21. Suppose 0 = -2*b - 5*d + 2*d - 7, -d + 11 = 4*b. Give x(b).
7
Let n(u) = -9 - 2 + 5*u - 4*u. Let q(i) = i**2 + 80*i + 516. Let h be q(-73). Give n(h).
-6
Let y(m) = 6*m**3 + 9*m**2 - 6*m - 3. Let z(k) = -k**3 - k**2. Let d(f) = -y(f) - 5*z(f). Let x = -1117 + 1111. Give d(x).
39
Let b(n) = -25*n**2 + 30*n + 7. Let s(p) = 11*p**2 - 13*p - 4. Let z(t) = -4*b(t) - 9*s(t). Calculate z(8).
48
Let c(q) = 168*q**2 + 483*q + 12. Let l(p) = -452*p**2 - 1448*p - 34. Let w(i) = 8*c(i) + 3*l(i). Give w(-40).
-6
Let g(l) = -5*l - 2. Let o(j) = 107*j + 161. Let s(t) = 8*g(t) + o(t). Give s(-2).
11
Suppose -5*t + 90 = -56*t + 6*t. Let g(y) = -3*y**2 + 5*y + 15. Determine g(t).
-7
Let h be 10*(-2 - 26/(-10)). Let d(z) = z + 17. Let v be d(-12). Let k(t) = -1 + v*t**2 - 4*t + 0 - 1 - 4*t**2. Determine k(h).
10
Let c(u) = -u**2 - 2*u - 8. Suppose -2*f - 2*y - y = -29, 0 = y - 3. Let p = -10 + f. What is c(p)?
-8
Let q(z) be the third derivative of -z**6/120 + z**5/6 - 11*z**4/24 + 13*z**3/6 - 543*z**2. Suppose 0*p - 2*p = -72. Suppose -3*i = i - p. Calculate q(i).
-5
Let b(f) = f**3 - 20*f**2 + 2*f - 60. Let r = -34216 - -34236. Give b(r).
-20
Let n(f) be the second derivative of f**4/6 - 25*f**3/6 + 2*f**2 + 5202*f. Determine n(9).
-59
Let s(f) be the third derivative of f**6/720 - f**5/120 - 31*f**4/24 - f**3/6 - 10*f**2 - f. Let y(b) be the second derivative of s(b). Calculate y(-11).
-12
Let k(q) be the third derivative of q**6/120 + q**5/4 + 5*q**4/8 + 4*q**3/3 + 1312*q**2. Calculate k(-14).
-6
Let k(t) be the third derivative of 0*t - 193*t**2 + 1/60*t**5 - 2/3*t**3 - 1/6*t**4 + 0. Give k(4).
-4
Let p(k) = -3*k - 4. Let w be p(2). Let n(f) be the second derivative of f**3/3 + 7*f**2/2 - 288*f. Give n(w).
-13
Let x(u) = -u**2 + 4*u - 5. Let d be (-1 - (2 + -2)) + 26. Let z be 120/d + (-1)/(-5). Suppose -3*g - 3 = -z*m + 20, 2*m + 5*g - 3 = 0. Determine x(m).
-5
Let v = 853 + -1568. Let r = v - -719. Let j(q) = -3*q + 16. What is j(r)?
4
Let z(k) = -23*k + 22. Suppose -272*v + 417*v - 145 = 0. Give z(v).
-1
Let w(g) = -2*g**2 - 10*g - 1. Let x be (4012/(-34))/((-2)/8*2). Let l = x - 241. Calculate w(l).
-1
Let f(p) = -p**3 + p**2 - 1. Let j = 102 - 78. Suppose -j*g + 29*g - 4 = -2*r, -10 = -g - 5*r. What is f(g)?
-1
Let c(a) = -5*a - 10. Let n be c(-3). Let d be -6*(33/(-6) + n). Let j(m) = 4*m**d + 0 - 5*m**3 - 21*m + 6*m**2 + 2 + 16*m. Determine j(5).
2
Suppose 4*l - 24 = -64. Let w = -19 - l. Let a(m) = 14*m + 11. Let v(g) = -40*g - 33. Let b(x) = -17*a(x) - 6*v(x). Determine b(w).
-7
Let l be 290/58 - (-3)/((-9)/51). Let q(v) = 12*v + 138. What is q(l)?
-6
Let p(u) = -u**2 - 3*u - 5. Let t = 202 - 204. Let q be t/((-4 - -3)/(-2)). What is p(q)?
-9
Suppose 9*g - 21*g = -36. Let k(m) = -24*m**2 - 4*m + 38. Let o(s) = 5*s**2 + s - 8. Let z(v) = g*k(v) + 14*o(v). Let q = 1 + 2. What is z(q)?
-10
Let h(v) = -10*v**2 + 16*v - 78. Let o(s) = -3*s**2 - 2*s - 1. Let d(q) = -h(q) + 3*o(q). What is d(9)?
-42
Let n(f) = f**2 + 14*f + 11. Let j be n(-14). Let i(l) = -11*l - 45 - l**3 + 12*l**2 + 66 - 35. What is i(j)?
-14
Let r(j) be the second derivative of -j**5/120 + 101*j**3/6 + 5*j + 10. Let h(d) be the second derivative of r(d). Determine h(-6).
6
Let d = 130 - 128. Let u(g) = 16 - 9 - d - 4*g. What is u(2)?
-3
Let b(s) be the third derivative of -5*s**4/24 + 7*s**3/2 - 3*s**2 - 12*s. Calculate b(5).
-4
Let n be -44*5/20*(2 - 7). Suppose n + 143 = -22*u. Let h(a) = a**3 + 8*a**2 - 10*a - 9. What is h(u)?
0
Suppose 4*i = -k + 30, -3*k + 2*i = i - 129. Suppose 34*g - k*g = -40. Let x(c) = -c - 7. Calculate x(g).
-12
Let b(m) = 33*m + 21. Let l(i) = 12*i + 8. Let z(t) = -3*b(t) + 8*l(t). Determine z(-5).
16
Let n(p) = 28*p + 242. Let z(y) = -15*y + 1431. Let d be z(96). What is n(d)?
-10
Let z = -116 - -117. Suppose 2*h = b + 6*h - z, 2*b + 2*h = 8. Let f(m) = m + 4. Calculate f(b).
9
Let i(z) = 22*z + 692. Let c be i(-32). Let s(h) = -5*h - 2. Let q(u) = 11*u + 4. Let w(k) = 4*q(k) + 9*s(k). Determine w(c).
10
Let g(x) be the first derivative of -1/2*x**2 + 65 - 11*x + 1/4*x**4 + 0*x**3. Let r be -1 + 2/(4 - 2). What is g(r)?
-11
Let d(y) = -y**2 + 6*y. Let h(r) = r**2 - 5*r - 1. Let w(n) = -6*d(n) - 5*h(n). Let a be (-9 + 4 - -161)*(-8)/(-6). Let j = a - 197. What is w(j)?
5
Let r = 17 + -13. Let s be 2 - (-38 - -2)/r. Let h(q) = q**3 - 12*q**2 + 11*q - 2. Let b be h(s). Let p(w) = -4*w + 1. Give p(b).
9
Let n(i) = i**3 + i**2 + 3*i - 3. Let t(g) = 7*g**3 + 8*g**2 + 14*g - 11. Let c(j) = 5*n(j) - t(j). Let w(s) = -s - 6. Let b be w(-3). Determine c(b).
20
Let l(i) = -i - 33. Let u = 33500 - 33503. Give l(u).
-30
Let k(z) = -5*z**2 - 24*z - 67. Let f(w) = -3*w**2 - 12*w - 34. Let v(u) = 7*f(u) - 4*k(u). Let r be v(14). Let j(q) = -q**3 + q**2 - q + 2. Determine j(r).
-4
Suppose 4*y + 22 + 2 = 0. Let n(x) = x**3 + 2*x**2 - 2*x + 9. Let w be n(-3). Let a(i) = -2*i - i**2 - 8*i + w*i + 7. Calculate a(y).
-5
Suppose 4*u + 2*m - 32 = 0, 24*u - 23 = 23*u - 3*m. Let z(l) = 4*l - 28. Determine z(u).
-8
Let z(p) = -p**3 + 3*p + 1. Let i = -1657 + 1659. What is z(i)?
-1
Let x(m) = 110*m**2 + 12*m - 3. Let r(k) = 183*k**2 + 24*k - 7. Let v(q) = -3*r(q) + 5*x(q). Give v(10).
-14
Suppose -k + 46 = -61. Suppose 0 = -4*j + 4*f + 476, 26*j + f + 232 = 28*j. Let w = k - j. Let r(h) = h**3 + 6*h**2 + 4*h + 9. Give r(w).
-15
Let z(s) = 4*s + s - 23 + 4*s - 5*s + 19 - 8*s. Let d = -7 + 12. Give z(d).
-24
Let f(z) be the third derivative of z**4/24 + z**3/6 + 2*z**2. Suppose 27*c + 29 - 2 = 0. Let j(u) = 8*u + 6. Let g(w) = c*j(w) + 4*f(w). What is g(3)?
-14
Let h(t) = -t + 9. Let c be (32/10)/(-2*3/30). Let v(w) = -2*w - 41. Let l be v(c). Let a be (-1 + -2)/l*21. Calculate h(a).
2
Let m(w) = 76*w - 11 + 85*w + 85*w + 2*w**2 - 241*w - w**2. Calculate m(-7).
3
Let w(t) = -t**3 - 5*t**2 + 2*t + 3. Let g(y) = y**3 + 5*y**2 - y - 3. Let c = 40 + 30. Let l = -75 + c. Let h(z) = l*w(z) - 4*g(z). Calculate h(-6).
-3
Let c(p) = p**2 - 7*p - 9. Let t(u) = 13*u + 54. Let m(j) = -2*c(j) - t(j). Calculate m(0).
-36
Suppose -2 = -4*u - 2. Suppose u*j = 3*j. Suppose j = -5*d + 2 + 8. Let w(z) = z**3 - 2*z**2 - 2*z + 2. What is w(d)?
-2
Suppose -a = -5*p - 89, 5*a = -5*p + 153 + 142. Let b(x) = 52*x + a*x - 117*x. Give b(-9).
9
Let t be -2 - (1 - (4 + -1)). Let z(d) = 1 - d + 2*d + t*d. Let s(a) = 2*a. Let f(u) = -s(u) + 3*z(u). What is f(-4)?
-1
Let i(x) be the second derivative of x**6/720 + 53*x**4/12 - 71*x. Let k(p) be the third derivative of i(p). Let y be -1 + -1 - 0 - -2. Give k(y).
0
Let f be (-478)/(-24) + (-212)/(-2544). Let q(y) = -y**3 + 24*y**2 - 80*y + 7. Determine q(f).
7
Let h be (-15)/((-825)/847) - 12/30. Let c(y) = -16*y + 239. Calculate c(h).
-1
Let v be (-5 + -2 + 10)/1. Let q(u) = -2*u - 5 - u**2 - 3*u + v + 9*u**2 - 11*u**2. Give q(-3).
-14
Let n(b) = b**2 + 7*b - 3. Let j = -839 + 262. Let i = -585 - j. Calculate n(i).
5
Let a = -150 + 152. Suppose 0 = 3*p - 17*r + 12*r - 23, a*p = 4*r + 18. Let k(l) = -13*l**2 - l. Determine k(p).
-14
Let o(v) = v**2 - 21*v + 20. Suppose -5*a = -4*s + 20, -6 = -2*s + 282*a - 279*a. Calculate o(s).
-70
Let u(f) = -f - f**2 - 7 - 2 + 5*f + 5*f + 2*f. Determine u(9).
9
Let f(y) = 17*y**2 - 19*y - 18. Let p be f(-1). Let v(k) = -2*k**2 + 35*k + 3. Calculate v(p).
-15
Let g = 14 + -20. Let h(j) be the first derivative of -2*j**3/3 - 5*j**2/2 + 6*j + 77543. Determine h(g).
-36
Let o(z) = z**3 + z**2 - 2*z + 2. Let u be o(1). Suppose -b + 40 = -